List the prime factors of 25804096.
2, 17, 37, 641
What are the prime factors of 13837390?
2, 5, 7, 197677
What are the prime factors of 7123305?
3, 5, 7, 179, 379
List the prime factors of 2608615.
5, 521723
List the prime factors of 833338.
2, 11, 37879
What are the prime factors of 171198?
2, 3, 9511
List the prime factors of 216142.
2, 67, 1613
List the prime factors of 577024.
2, 7, 23
What are the prime factors of 1308850?
2, 5, 26177
What are the prime factors of 18735167?
11, 127, 13411
List the prime factors of 430264.
2, 53783
What are the prime factors of 6149064?
2, 3, 256211
What are the prime factors of 39858?
2, 3, 7, 13, 73
List the prime factors of 609072.
2, 3, 12689
What are the prime factors of 12091547?
13, 930119
What are the prime factors of 604764?
2, 3, 107, 157
List the prime factors of 565447.
163, 3469
List the prime factors of 17229624.
2, 3, 587, 1223
What are the prime factors of 556759?
7, 79537
List the prime factors of 1023297.
3, 11, 2819
What are the prime factors of 2117440?
2, 5, 13, 509
What are the prime factors of 4113983?
17, 139, 1741
List the prime factors of 784766.
2, 392383
List the prime factors of 172275.
3, 5, 2297
List the prime factors of 172546.
2, 11, 23, 31
List the prime factors of 348233.
479, 727
List the prime factors of 388403.
388403
What are the prime factors of 559218?
2, 3, 11, 37, 229
List the prime factors of 831997.
17, 109, 449
What are the prime factors of 18541682?
2, 19, 61, 421
What are the prime factors of 243624?
2, 3, 10151
What are the prime factors of 106953?
3, 7, 11, 463
What are the prime factors of 233303?
7, 33329
What are the prime factors of 586375?
5, 4691
List the prime factors of 17378877.
3, 5792959
List the prime factors of 5999539.
7, 13, 65929
List the prime factors of 15835365.
3, 5, 7, 13, 1289
What are the prime factors of 1748475?
3, 5, 19, 409
What are the prime factors of 1965827?
41, 47947
What are the prime factors of 211804?
2, 52951
What are the prime factors of 337326?
2, 3, 11, 19, 269
What are the prime factors of 6298052?
2, 383, 4111
What are the prime factors of 81541?
73, 1117
List the prime factors of 8471036.
2, 7, 19, 15923
List the prime factors of 18454859.
137, 134707
List the prime factors of 7126662.
2, 3, 131, 9067
What are the prime factors of 1143855?
3, 5, 37, 229
List the prime factors of 7387727.
2423, 3049
What are the prime factors of 17311250?
2, 5, 11, 1259
What are the prime factors of 1082974?
2, 41, 47, 281
What are the prime factors of 2916?
2, 3
What are the prime factors of 6677620?
2, 5, 59, 5659
What are the prime factors of 3255072?
2, 3, 41, 827
What are the prime factors of 10153535?
5, 7, 41443
What are the prime factors of 631818?
2, 3, 11, 3191
What are the prime factors of 561470?
2, 5, 7, 13, 617
List the prime factors of 217918.
2, 108959
List the prime factors of 34756.
2, 8689
List the prime factors of 1529035.
5, 103, 2969
List the prime factors of 1477473.
3, 492491
List the prime factors of 40062502.
2, 571, 35081
What are the prime factors of 20075794?
2, 10037897
What are the prime factors of 565428?
2, 3, 47119
What are the prime factors of 2005109?
67, 29927
What are the prime factors of 384691?
384691
What are the prime factors of 404960?
2, 5, 2531
What are the prime factors of 5686033?
5686033
What are the prime factors of 2727761?
89, 30649
What are the prime factors of 15700500?
2, 3, 5, 1163
What are the prime factors of 189546?
2, 3, 7, 4513
What are the prime factors of 26972?
2, 11, 613
What are the prime factors of 6180920?
2, 5, 154523
List the prime factors of 1795991.
1795991
What are the prime factors of 1050119?
7, 29, 739
What are the prime factors of 3798954?
2, 3, 70351
List the prime factors of 2876764.
2, 11, 65381
What are the prime factors of 288377?
283, 1019
What are the prime factors of 155499?
3, 17, 3049
List the prime factors of 3883714.
2, 19, 102203
List the prime factors of 33290307.
3, 53, 101, 691
List the prime factors of 423361.
23, 79, 233
What are the prime factors of 10510253?
13, 808481
List the prime factors of 376056.
2, 3, 1741
What are the prime factors of 767003?
83, 9241
List the prime factors of 393326.
2, 196663
What are the prime factors of 3953361?
3, 1317787
List the prime factors of 100196.
2, 37, 677
List the prime factors of 23025.
3, 5, 307
What are the prime factors of 6085929?
3, 2028643
List the prime factors of 447513.
3, 11, 71, 191
List the prime factors of 69199.
13, 5323
List the prime factors of 419170.
2, 5, 167, 251
What are the prime factors of 1323361?
13, 101797
What are the prime factors of 2048640?
2, 3, 5, 11, 97
List the prime factors of 2804352.
2, 3, 67, 109
List the prime factors of 423201.
3, 141067
List the prime factors of 29653808.
2, 23, 61, 1321
What are the prime factors of 274718?
2, 137359
What are the prime factors of 724476?
2, 3, 60373
What are the prime factors of 3219373?
73, 44101
List the prime factors of 183741.
3, 73, 839
List the prime factors of 3057281.
3057281
What are the prime factors of 11643601?
11643601
What are the prime factors of 521417?
13, 19, 2111
What are the prime factors of 1353109?
739, 1831
List the prime factors of 3385629.
3, 13, 19, 1523
What are the prime factors of 8796840?
2, 3, 5, 13, 5639
What are the prime factors of 522422?
2, 23, 41, 277
What are the prime factors of 14050065?
3, 5, 29, 32299
List the prime factors of 15684444.
2, 3, 435679
What are the prime factors of 1384825?
5, 13, 4261
List the prime factors of 3256021.
3256021
What are the prime factors of 103263?
3, 34421
What are the prime factors of 12140762?
2, 337, 18013
List the prime factors of 662571.
3, 7, 13, 809
What are the prime factors of 1761728?
2, 27527
List the prime factors of 360655.
5, 17, 4243
List the prime factors of 3055569.
3, 11, 92593
List the prime factors of 2352533.
2352533
List the prime factors of 3101963.
97, 113, 283
List the prime factors of 28250491.
28250491
What are the prime factors of 603984?
2, 3, 12583
List the prime factors of 187556.
2, 46889
List the prime factors of 723682.
2, 487, 743
What are the prime factors of 9349894?
2, 4674947
What are the prime factors of 120362?
2, 11, 5471
List the prime factors of 1319676.
2, 3, 17, 6469
List the prime factors of 671045.
5, 103, 1303
What are the prime factors of 11367456?
2, 3, 118411
List the prime factors of 376693.
163, 2311
What are the prime factors of 8909540?
2, 5, 445477
List the prime factors of 2763998.
2, 1381999
What are the prime factors of 249102?
2, 3, 7, 659
List the prime factors of 2639701.
2639701
List the prime factors of 332835.
3, 5, 22189
What are the prime factors of 14321726?
2, 139, 51517
What are the prime factors of 7104969?
3, 359, 733
What are the prime factors of 10593676?
2, 2648419
What are the prime factors of 6070689?
3, 23, 29327
What are the prime factors of 2995139?
7, 427877
List the prime factors of 578503.
578503
What are the prime factors of 2006181?
3, 67, 1109
List the prime factors of 205034.
2, 31, 3307
List the prime factors of 565553.
565553
What are the prime factors of 9019264?
2, 31, 2273
List the prime factors of 194572.
2, 7, 6949
List the prime factors of 25078133.
25078133
List the prime factors of 16518525.
3, 5, 59, 3733
What are the prime factors of 14392369?
619, 23251
What are the prime factors of 6371933?
41, 155413
What are the prime factors of 785585?
5, 59, 2663
What are the prime factors of 165885?
3, 5, 11059
What are the prime factors of 357584?
2, 22349
List the prime factors of 4146860.
2, 5, 207343
What are the prime factors of 3398613?
3, 41, 27631
What are the prime factors of 683093?
677, 1009
List the prime factors of 3061001.
23, 133087
What are the prime factors of 488006?
2, 244003
What are the prime factors of 2057741?
7, 23, 12781
What are the prime factors of 13807366?
2, 17, 73, 5563
What are the prime factors of 2068787?
7, 295541
List the prime factors of 29799.
3, 7, 11, 43
List the prime factors of 2300324.
2, 13, 31, 1427
What are the prime factors of 1556659?
13, 61, 151
What are the prime factors of 787564?
2, 401, 491
List the prime factors of 11129865.
3, 5, 741991
What are the prime factors of 296760?
2, 3, 5, 2473
What are the pr